1*t + 74. Let i be y(10). What is the highest common divisor of 6 and i?
6
Let q = 132 + -80. Suppose v = 15 + 6. Let s be (-4)/14 - (-279)/v. Calculate the greatest common divisor of q and s.
13
Suppose 2*r - 12*k = -13*k + 1352, 3*r + 3*k - 2031 = 0. Calculate the greatest common divisor of r and 54.
27
Suppose 0 = -5*g + 460 - 150. Suppose 4*v = g + 74. What is the highest common factor of v and 34?
34
Let h = -5 - -13. Suppose -190 = -5*c + 185. Let l = -51 + c. Calculate the highest common divisor of h and l.
8
Suppose -2*c = 1 - 13. Let n(h) = -2*h**2 + 10*h - h**3 - 1 + 7*h**2 - 2*h + 0*h**3. Let i be n(c). Calculate the highest common factor of 11 and i.
11
Let h = 2360 - 2345. What is the highest common divisor of h and 4215?
15
Let l(c) = -4*c - 2. Let y be l(-3). Let n = y + 12. Suppose -p - n = -r, 4*p - 49 = -2*r + 5*p. Calculate the greatest common divisor of 18 and r.
9
Suppose s + 5*l - 27 = 0, 7*l = 4*s + 3*l - 108. Suppose 5*t = -4*x + 45, t = -x + 15 - 6. What is the greatest common factor of t and s?
9
Let s be 2085/75 - (-1)/5. What is the greatest common factor of 364 and s?
28
Suppose 60 = 3*c + 7*c. Suppose 138 = 17*b + c*b. What is the highest common divisor of b and 10?
2
Let j(z) = -45*z + 231. Let c be j(5). Calculate the greatest common factor of c and 3.
3
Suppose 3*p - 4*q - 27 = 2*p, 5*q = -3*p - 4. Suppose p*a + 168 = 11*a. Calculate the highest common divisor of a and 14.
14
Let c be 7 + (-3)/(-12)*44. What is the greatest common divisor of c and 27?
9
Let b(a) = a**3 + 16*a**2 + 18*a. Let z be b(-13). Let i(f) = f**3 - 2*f**2 + f + 3. Let j be i(4). Calculate the greatest common divisor of j and z.
39
Let z = -202 + 242. What is the highest common divisor of z and 560?
40
Suppose 5*i - 30 = -2*d, 3*d + 11 = 4*i + 2*d. Suppose i*g - 53 - 235 = 0. What is the highest common factor of 108 and g?
36
Suppose a = -3*n + 6, 2*n + 4*a + 24 = 6*n. Let u(z) = 7*z - 9. Let i be u(n). Calculate the highest common factor of 30 and i.
6
Suppose 5*f - 146 = 4*u, -2*f + 64 = -3*u - 0*u. Let h = -12 + f. What is the greatest common divisor of h and 2?
2
Suppose 0 = s - 24 + 22. Suppose -s*q + 58 = 5*l, -4*l + 49 = 4*q - 5*q. What is the greatest common factor of 36 and l?
12
Let s = 89 + 145. Calculate the greatest common factor of 624 and s.
78
Suppose 918 = 5*y + 38. Suppose -15*r + 454 = -y. Let z = -14 + 28. Calculate the greatest common divisor of z and r.
14
Let r be (64/24)/((-2)/(-51)). Suppose 0 = -5*n - y + 61, r = -2*n + 6*n - 4*y. Calculate the highest common divisor of 1 and n.
1
Suppose 5*r = -k + 81, -4*r + 4*k - 35 = -7*r. Suppose -g - 170 = -3*g. What is the highest common divisor of r and g?
17
Suppose 4*j - 28 = 2*n + 2*n, -j - 5*n = 17. Suppose -j*u - 4*u = -168. Calculate the highest common divisor of 24 and u.
24
Let f be (-126)/(-315) - (-1466)/10. What is the greatest common factor of f and 98?
49
Suppose -891 = 83*i - 86*i. Let l be 25/(25/18)*6/4. Calculate the highest common factor of l and i.
27
Let m(z) = 20*z - 46. Let b be m(4). Calculate the greatest common divisor of 1088 and b.
34
Let n be ((-12)/1)/(4/(-66)*2). Let q = -7 + 18. What is the highest common factor of n and q?
11
Let i be -22 - -13 - (-196)/4. Calculate the highest common divisor of 25 and i.
5
Let t be (-1)/(39/1066*(-6)/45). What is the highest common factor of t and 369?
41
Let r be (-123 + -3)*(-2)/3. Suppose 3*y = 3, 2*c + 28 = 4*y - 2*y. Let p = c - -25. Calculate the greatest common factor of p and r.
12
Let r be (-153)/18*(-2)/1. Suppose -r*j = -19*j + 8. Let s be (-951)/(-12) + 3/j. Calculate the highest common divisor of s and 8.
8
Let r(z) = 3*z**3 + 4*z**2 - 38*z + 192. Let h be r(6). What is the highest common divisor of h and 42?
42
Let i = 10 + -9. Suppose 4*f = -4, -5*r - 2*f = 1 + i. Suppose -5*w - 128 = -3*k - 0*k, r = 4*k - 2*w - 152. Calculate the greatest common factor of 54 and k.
18
Suppose -k + 5*k + 36 = 0. Let h be 0*(1 - k/(-6)). Suppose -4*j + 5*j - 5*d - 2 = h, -d = -4*j + 8. What is the greatest common factor of 10 and j?
2
Suppose 4*d - 2 = -10. Let h be d/(-8) - 76/(-16). Let i = -70 - -75. Calculate the highest common factor of h and i.
5
Let r(n) = 6*n + 96. Let j be r(-8). Let s(m) = m + 18. Let d be s(14). Calculate the greatest common divisor of j and d.
16
Suppose -2*z + 5*a + 2178 = 3*a, -3*a = -4*z + 4355. What is the highest common factor of z and 64?
64
Suppose 4*h - 5*k = 2*h - 12, 3*k = -4*h + 28. Let n be 3/h - 432/64. Let c(w) = -4*w + 6. Let v be c(n). What is the greatest common divisor of 20 and v?
10
Let z be 375/5 + -14*((-1)/(-7))/(-1). Let g(t) = t**2 - 5*t + 7. Let d be g(5). Calculate the greatest common factor of z and d.
7
Let g(f) = -2*f - 9 - f + 0*f. Let j be g(-5). Suppose m - j*m + 165 = 0. Calculate the greatest common divisor of m and 165.
33
Let k = 206 - 350. Let d = 181 + k. Suppose v = -u + 112, 0 = -4*v + u - 3*u + 446. Calculate the highest common factor of d and v.
37
Suppose 0 = 414*x - 413*x - 460. What is the greatest common factor of 46 and x?
46
Let v be ((-486)/(-4))/((-3)/(-4)). Let h = 227 - v. Let g = 436 - 410. Calculate the highest common factor of g and h.
13
Suppose -5*i = l - 23 - 18, i = -4*l - 7. Let q(c) = c + 9. Let w be q(i). Suppose v + w = 47. Calculate the highest common divisor of v and 319.
29
Let g be 1*12/66 - (-588)/33. Calculate the greatest common divisor of g and 36.
18
Suppose 38 = x - 18. Suppose -4*d + w + 25 + 11 = 0, 4*d - 48 = 4*w. Calculate the greatest common divisor of x and d.
8
Let f be 1560/(-21)*(-91)/26. What is the greatest common divisor of 50 and f?
10
Let k be (-198)/264 + (-2)/((-16)/278). Suppose 2*v - 4*g = 26, 0 = -3*v + g - 5*g + 59. What is the highest common factor of v and k?
17
Let y be (2 + -1)*(6/2 + 0). Suppose 422 = 5*x - 2*v, y*x + 2*v - 151 = 99. What is the greatest common factor of x and 24?
12
Let z be (-139)/(-417) - 539/(-3). What is the greatest common factor of 1530 and z?
90
Let j be ((-17)/(102/(-44)))/(4/54). What is the highest common divisor of j and 18?
9
Let r = 16 - 9. Let j = r - -58. Let t(s) = s**2 - 9*s + 4. Let i be t(11). What is the highest common divisor of i and j?
13
Suppose 384 = 3*o + 69. Calculate the greatest common divisor of 168 and o.
21
Suppose -19 = 76*t - 247. Let q be 4/6 + (-58)/6. Let c be 3/q - (-82)/3. What is the greatest common factor of t and c?
3
Let k(i) = i**2 + 1. Let z(d) = 10*d + 26 + 13*d + 70 - 21*d. Let g(j) = -k(j) + z(j). Let h be g(0). What is the highest common divisor of h and 38?
19
Suppose -3*z - 33 + 648 = -5*l, 2*l + 6 = 0. Calculate the highest common factor of 10 and z.
10
Let w be -9 - (893/(-1) + 10). Calculate the highest common divisor of 38 and w.
38
Suppose 2*v = -0*p + 2*p - 14, 0 = 4*v + 5*p - 17. Let j be (26/(-2))/(v - (-5)/3). What is the greatest common factor of j and 13?
13
Suppose 0 = -2*x - x. Suppose -4*r - r + 150 = x. Let j(a) = 3*a + 60. Let i be j(-18). Calculate the highest common factor of i and r.
6
Let l(n) = n**3 - 11*n**2 - 3*n + 28. Let w be l(12). Let p = -46 + w. What is the greatest common factor of 10 and p?
10
Suppose -6*n + 602 = 302. What is the highest common divisor of 20 and n?
10
Let g = 24 - 20. What is the highest common factor of 4 and g?
4
Let x = 158 + -96. Suppose -9*m - 152 = -10*m + v, -5*m + 3*v = -766. What is the highest common factor of m and x?
31
Let o(b) = -7*b + 41. Let r be o(5). Let l be 298/5 + r/15. What is the highest common divisor of 40 and l?
20
Let x be (-8 - (-18)/6) + 2*520. Calculate the greatest common factor of x and 45.
45
Let w be 150/(-20)*2/(-1). Suppose 55 = 4*k + b, -k = 4*b + 3 + 2. Calculate the greatest common factor of k and w.
15
Let l(a) = -4*a**2 - 9*a - 9 + 3*a**2 + 3 + 0*a**2. Let o be l(-5). Calculate the greatest common divisor of o and 7.
7
Let s = 25 + -97. Let y be s/54*6/(-4). Calculate the highest common factor of y and 10.
2
Let n be (-10)/((-10)/(-7 - -2)). Let w be 20*(2 + n)/(-3). Calculate the highest common divisor of 8 and w.
4
Let p be (24/10 - 2) + (-2596)/(-10). Suppose 0 = -2*r + i - 3*i + 490, -4*i + p = r. What is the highest common divisor of 30 and r?
30
Suppose 0 = 5*z - 4*h - 881, -180 = -3*z + 2*z - 3*h. Calculate the great